nder when 8 is divided by u/1 - (-4 + 4).
3
Let b(o) = o + 4. What is the remainder when 28 is divided by b(2)?
4
Let p be (-1 - 1)/(6/(-18)). Suppose 0*g = g + 2. Let j = g + p. What is the remainder when j is divided by 2?
0
Suppose 0 = -2*s + 23 - 9. Let g(f) = -2*f + 10 + 12*f**2 - f**3 - 4*f**2 - 5*f. What is the remainder when 19 is divided by g(s)?
9
Suppose -7*w + 2*w = -125. Suppose w*h = 26*h - 11. Calculate the remainder when 21 is divided by h.
10
Let w = 2 - -10. What is the remainder when 9*3/w*24 is divided by 19?
16
Let r = -47 + 149. Calculate the remainder when r is divided by 35.
32
Let s = -8 + 6. What is the remainder when 37 is divided by 7 - ((-2)/s - 4)?
7
Suppose 139 - 10 = 3*m. What is the remainder when m is divided by 22?
21
Let w be ((-70)/(-4))/7*-2. Let l = 13 + w. Suppose -25 + 140 = 5*n. What is the remainder when n is divided by l?
7
What is the remainder when ((-1)/2)/1*-2 is divided by 1?
0
Suppose s - 4*s = -3. Let k(f) be the second derivative of f**3/3 + 4*f. What is the remainder when k(s) is divided by 1?
0
Let b = 18 + -13. Suppose -b*x + 20 = -190. What is the remainder when x is divided by 22?
20
Let i(a) = a + 4. Let q be -3*(0 + 2/6). Let n be -2 + q + (6 - -1). What is the remainder when 15 is divided by i(n)?
7
Let x(z) = z + 3. Calculate the remainder when x(7) is divided by 3.
1
Suppose 4*h + 5 = 13. Suppose -2*s - h*y = -98, s = 4*y - 2*y + 58. What is the remainder when s is divided by (135/(-20) - -6)/(1/(-24))?
16
Let z(l) be the first derivative of -l**2/2 + 2*l - 1. Let i be z(5). What is the remainder when i*2/(-2 - 0) is divided by 2?
1
Let o(s) = s**3 - 2*s**2 + 2*s + 1. What is the remainder when o(3) is divided by 6?
4
Let m(i) = 9*i + 5. Let v be m(-3). Let f = 30 + v. Calculate the remainder when 22 is divided by f.
6
Suppose 225 = 5*y - 0*y + 3*d, -3*y - 2*d = -135. Suppose 4*v - 2*p - 52 = 0, 5*p - 2*p - 42 = -4*v. Calculate the remainder when y is divided by v.
9
Let s = 12 + -1. Let y be ((-14)/4)/(2/(-4)). Let j = y + -3. What is the remainder when s is divided by j?
3
Suppose -5*d = -o - 83, -43 = -d - 2*d + 4*o. Let q = 84 + -51. What is the remainder when q is divided by d?
16
Let b(u) = 0 + 0*u**2 - u**2 + 13*u - 5*u + 12. Calculate the remainder when 5 is divided by b(9).
2
Calculate the remainder when 28 is divided by (5 - 4)*(0 - -15).
13
Let o be (1 + 1)/(30/15). Calculate the remainder when 47 is divided by o + (-1 - (-25 + 0)).
22
Let r(d) be the third derivative of -7*d**4/12 - d**3/6 + 3*d**2. What is the remainder when r(-5) is divided by 18?
15
Suppose -5*g - 165 = -10*g. Calculate the remainder when g is divided by 9.
6
Suppose 0 = 4*b - 3*b - 5*h - 34, -4*b - 4*h + 16 = 0. Suppose x = 3*x - 50. Calculate the remainder when x is divided by b.
7
Let m(g) = 15*g - 3. Calculate the remainder when m(1) is divided by 8.
4
Suppose 0 = -3*c + 57 - 24. What is the remainder when ((-420)/98)/(6/(-28)) is divided by c?
9
Suppose -5*i + 3 = -2*i. Let s = 267 - 266. What is the remainder when s is divided by i?
0
Let d(y) = y - 11. Let h be d(10). Let i(m) = -5*m - 1. Let z = 31 + -20. What is the remainder when z is divided by i(h)?
3
Let b = -21 - -34. Let w(x) = -34*x + 2. Calculate the remainder when w(-1) is divided by b.
10
Suppose 3*l - 4*l - 215 = -4*r, -4*l = 4*r - 200. Calculate the remainder when r is divided by 14.
11
Let q(i) = -i**2 - 14*i - 14. What is the remainder when 121 is divided by q(-5)?
28
Calculate the remainder when 21/4*(0 - (-32)/6) is divided by 18.
10
Let c = 39 - 5. Let y(t) = t**3 - 31*t**2 + 59*t - 17. What is the remainder when c is divided by y(29)?
10
Let y = 5 + -2. Suppose y*v + 0*v = 0. Calculate the remainder when 53 is divided by v/2 - (2 - 20).
17
What is the remainder when (-96)/(-9) - 3/(-9) is divided by 3?
2
Suppose -4 = -5*f - 59. Let z = -7 - f. What is the remainder when 9 is divided by z?
1
Let f(s) = 7*s - 38. What is the remainder when 71 is divided by f(9)?
21
What is the remainder when (11 - (-4 + 3))/1 is divided by 5?
2
Let c = -48 - -76. What is the remainder when c is divided by 48/5 + (-2)/(-5)?
8
Let b(s) = s**2 + 7. What is the remainder when b(4) is divided by 13?
10
Let r(t) = 2*t + 24. What is the remainder when 188 is divided by r(12)?
44
Let c = 21 + -30. Let a be (c/(-6))/3*0. What is the remainder when 35 is divided by (2 - a)*6 - 0?
11
Suppose 0 = k - 5 + 1. Let b(c) = c - 2. Suppose -2*s + 2 = -8. Calculate the remainder when k is divided by b(s).
1
Let c be -6 - (2 - 3)*-2. Let r = c - -13. What is the remainder when 18 is divided by r?
3
Suppose -2*u = -o + 39, 2*u - 8 = -2*o + 64. Let h(j) = 3*j - 5. What is the remainder when o is divided by h(6)?
11
Suppose -3*s = -2*s - 5*w + 17, 3*s + 4*w = 25. Calculate the remainder when 7 is divided by s.
1
Let u = -78 + 123. What is the remainder when u is divided by 12?
9
Suppose -26 = -b - 15. Calculate the remainder when b is divided by 7.
4
Let k(a) = -a + 2. Let c be k(-6). Let w = 20 + c. Let h(l) = -l**3 - 7*l**2 - 8*l - 2. Calculate the remainder when w is divided by h(-6).
8
Let h be ((-4)/10)/(2/30). Let n = h + 9. Calculate the remainder when 5 is divided by n.
2
Let x(b) = -b**2 + 6*b + 5. What is the remainder when (-22)/(-3) + (-4)/12 is divided by x(6)?
2
Suppose 3*z + 5*t - 69 = 47, -5*t - 69 = -2*z. Calculate the remainder when 110 is divided by z.
36
Let d(c) = -c**3 - 7*c**2 - 4*c. Let b = 12 - 6. What is the remainder when d(-7) is divided by (-2)/((b/(-10))/3)?
8
Let c(n) = 10*n + 5. Suppose -4*w - 20 = -9*w. Suppose -4*l - 22 + w = -u, 2*l = -u + 24. Calculate the remainder when c(6) is divided by u.
21
Suppose -4*q + 38 = -34. Let v be 3/((-9)/(-39)) + -3. Let d = v + 0. What is the remainder when q is divided by d?
8
Let k(a) be the first derivative of 3*a**3 - a**2 - a + 2. Let i be k(-1). Suppose g - 44 + i = 0. What is the remainder when g is divided by 12?
10
Let d(n) = 3*n + 28. What is the remainder when -11*(-2 + 2/2) is divided by d(-7)?
4
Suppose 5*n = 204 + 11. Calculate the remainder when 83 is divided by n.
40
Let c(a) = -a**2 - 4*a. Let s be c(-4). Suppose s = 6*h - h - 65. Suppose 3*q - 105 = -5*n, 5*q + 120 = 4*n - 1. Calculate the remainder when n is divided by h.
11
Let x = 11 + -13. What is the remainder when (-1)/1 + (-140)/(-2) is divided by x/((-8)/(-3))*-24?
15
Suppose -2*v + 5*g + 20 = 4, -4*v - 2*g + 56 = 0. Calculate the remainder when 38 is divided by 2/6*0 + v.
12
Suppose -10 = -5*a, -4*a = -s - 3*s. Suppose -s*d - 2*d = -48. Calculate the remainder when 34 is divided by d.
10
Suppose 0 = k + 5*y + 2 - 10, 5*k + y - 16 = 0. What is the remainder when 19 is divided by k*3/(-3) - -14?
8
Suppose j = 8 + 4. Suppose a + 0*a = 2*w - j, 0 = -a - 2. Suppose -w*x + 42 - 2 = 0. Calculate the remainder when 15 is divided by x.
7
Let d(w) = w**3 - 2*w**2 - w - 4. Let a be d(3). Suppose 4 = a*j, -2*o + 120 = 3*o - 5*j. Suppose 3*r - 67 = 86. Calculate the remainder when r is divided by o.
25
Let f = 79 - -17. Suppose -5*n + 137 = -3*i, 4*n - 5*i - 11 = f. Suppose -u = 3, 5*u - 5 = -2*z - 0. Calculate the remainder when n is divided by z.
8
Let p = 48 + -32. Calculate the remainder when p is divided by 9.
7
Suppose 0 = -3*p - 1 - 5. Let a(d) = -2*d**3 + d**2 + 3*d + 1. Calculate the remainder when 27 is divided by a(p).
12
Let i be (-12)/(-5) - (-20)/(-50). Suppose 22 = 3*m + 2*j, -4*j + 0*j = -i*m - 12. Suppose -m*u = -2 - 2. Calculate the remainder when 3 is divided by u.
0
Let h = -153 + 168. What is the remainder when h is divided by 8?
7
Suppose -4*s - 2 = 2. Let y(n) = -9*n**3 - n**2 + n + 1. Calculate the remainder when 14 is divided by y(s).
6
Suppose 4*m - 6*m = -4. Suppose -5*f + 26 + 14 = 0. Calculate the remainder when ((-1)/m)/(1/(-44)) is divided by f.
6
Let o(f) = f + 2. Let h(w) = w**3 + 7*w**2 + 3*w + 9. What is the remainder when h(-6) is divided by o(5)?
6
Let b(a) = 15*a**3 - 2*a + 1. Suppose 4*p - 6 = -2. What is the remainder when 26 is divided by b(p)?
12
Suppose -29 = -5*w - 3*p, 5*p = 4 - 14. Suppose w*n - 10 = 2*n, 4*h + 2*n = 64. Calculate the remainder when (1/(-1))/(3/(-129)) is divided by h.
13
Suppose -z - 37 = -2*b + 18, 5*z - 5*b + 300 = 0. Let l = z + 108. Calculate the remainder when l